{"id":1772,"date":"2012-01-29T15:08:07","date_gmt":"2012-01-29T14:08:07","guid":{"rendered":"http:\/\/blog.dentallife.fr\/blog\/?page_id=1772"},"modified":"2012-04-14T22:51:57","modified_gmt":"2012-04-14T20:51:57","slug":"labo-flajolet","status":"publish","type":"page","link":"http:\/\/www.dentallife.fr\/blog\/?page_id=1772","title":{"rendered":"Labo Flajolet"},"content":{"rendered":"<p>Laboratoire de proth\u00e8se dentaire<\/p>\n<p><span>Notre laboratoire est \u00e9quip\u00e9 de scanners et de machines d&rsquo;usinage pour tous les mat\u00e9riaux suivants :\u00a0 Cobalt-Chrome, Titane, Zircone et provisoire.<br \/>\nA l&rsquo;aide de ce proc\u00e9d\u00e9, nous sommes \u00e0 m\u00eame de\u00a0 satisfaire notre client\u00e8le dans les plus brefs d\u00e9lais.<br \/>\nAujourd&rsquo;hui, le monde de la proth\u00e8se \u00e9volue. A l&rsquo;\u00e9coute de nos clients,\u00a0 notre laboratoire \u00e9volue aussi.<br \/>\nNous sommes \u00e0 votre disposition pour toute question suppl\u00e9mentaire.<\/span><\/p>\n<p>&nbsp;<\/p>\n<p>&nbsp;<\/p>\n<p>&nbsp;<\/p>\n<p>&nbsp;<\/p>\n<p><a href=\"http:\/\/blog.dentallife.fr\/blog\/?attachment_id=2032\" rel=\"attachment wp-att-2032\"><img loading=\"lazy\" decoding=\"async\" class=\"aligncenter size-medium wp-image-2032\" title=\"laboflajolet\" src=\"http:\/\/blog.dentallife.fr\/blog\/wp-content\/uploads\/2012\/01\/laboflajolet2-300x196.jpg\" alt=\"\" width=\"300\" height=\"196\" srcset=\"http:\/\/www.dentallife.fr\/blog\/wp-content\/uploads\/2012\/01\/laboflajolet2-300x196.jpg 300w, http:\/\/www.dentallife.fr\/blog\/wp-content\/uploads\/2012\/01\/laboflajolet2-1024x672.jpg 1024w, http:\/\/www.dentallife.fr\/blog\/wp-content\/uploads\/2012\/01\/laboflajolet2.jpg 1784w\" sizes=\"auto, (max-width: 300px) 100vw, 300px\" \/><\/a><\/p>\n<p>&nbsp;<\/p>\n<p style=\"text-align: center;\">[youtube eCQMwYgAV60]<\/p>\n<p style=\"text-align: center;\">[youtube WeS-yXxtRIA]<\/p>\n<p><strong><span><br \/>\nT\u00e9l\u00e9phone: 0033 3 88 38 67 77<\/span><\/strong><\/p>\n<p>&nbsp;<\/p>\n<p><strong>Contact : Laboratoire Flajolet, 50 route de la Hardt, MOLSHEIM<br \/>\nE-Mail :\u00a0<a href=\"mailto:info@labo-flajolet.fr\" target=\"_blank\">info@labo-flajolet.fr<\/a><\/strong><\/p>\n<a href='' class='big-button bigblue'>Rejoindre le Stand de Flajolet<\/a>\n<p>&nbsp;<\/p>\n","protected":false},"excerpt":{"rendered":"<p>Laboratoire de proth\u00e8se dentaire Notre laboratoire est \u00e9quip\u00e9 de scanners et de machines d&rsquo;usinage pour tous les mat\u00e9riaux suivants :\u00a0 Cobalt-Chrome, Titane, Zircone et provisoire. A l&rsquo;aide de ce proc\u00e9d\u00e9, nous sommes \u00e0 m\u00eame de\u00a0 satisfaire notre client\u00e8le dans les plus brefs d\u00e9lais. Aujourd&rsquo;hui, le monde de la proth\u00e8se \u00e9volue. A l&rsquo;\u00e9coute de nos clients,\u00a0 [&hellip;]<\/p>\n","protected":false},"author":4,"featured_media":2036,"parent":0,"menu_order":0,"comment_status":"open","ping_status":"open","template":"","meta":{"footnotes":""},"class_list":["post-1772","page","type-page","status-publish","has-post-thumbnail","hentry"],"_links":{"self":[{"href":"http:\/\/www.dentallife.fr\/blog\/index.php?rest_route=\/wp\/v2\/pages\/1772","targetHints":{"allow":["GET"]}}],"collection":[{"href":"http:\/\/www.dentallife.fr\/blog\/index.php?rest_route=\/wp\/v2\/pages"}],"about":[{"href":"http:\/\/www.dentallife.fr\/blog\/index.php?rest_route=\/wp\/v2\/types\/page"}],"author":[{"embeddable":true,"href":"http:\/\/www.dentallife.fr\/blog\/index.php?rest_route=\/wp\/v2\/users\/4"}],"replies":[{"embeddable":true,"href":"http:\/\/www.dentallife.fr\/blog\/index.php?rest_route=%2Fwp%2Fv2%2Fcomments&post=1772"}],"version-history":[{"count":11,"href":"http:\/\/www.dentallife.fr\/blog\/index.php?rest_route=\/wp\/v2\/pages\/1772\/revisions"}],"predecessor-version":[{"id":2031,"href":"http:\/\/www.dentallife.fr\/blog\/index.php?rest_route=\/wp\/v2\/pages\/1772\/revisions\/2031"}],"wp:featuredmedia":[{"embeddable":true,"href":"http:\/\/www.dentallife.fr\/blog\/index.php?rest_route=\/wp\/v2\/media\/2036"}],"wp:attachment":[{"href":"http:\/\/www.dentallife.fr\/blog\/index.php?rest_route=%2Fwp%2Fv2%2Fmedia&parent=1772"}],"curies":[{"name":"wp","href":"https:\/\/api.w.org\/{rel}","templated":true}]}}